{"id":22,"date":"2025-10-14T12:53:44","date_gmt":"2025-10-14T15:53:44","guid":{"rendered":"https:\/\/aikinews.com.br\/site\/?page_id=22"},"modified":"2025-10-14T21:41:33","modified_gmt":"2025-10-15T00:41:33","slug":"home","status":"publish","type":"page","link":"https:\/\/aikinews.com.br\/site\/","title":{"rendered":"Home"},"content":{"rendered":"\n<div class=\"wp-block-cover alignfull is-light\" style=\"min-height:720px;aspect-ratio:unset;\"><img loading=\"lazy\" decoding=\"async\" width=\"1024\" height=\"348\" class=\"wp-block-cover__image-background wp-image-18 size-large\" alt=\"\" src=\"https:\/\/aikinews.com.br\/site\/wp-content\/uploads\/2025\/10\/capa2-1024x348.jpg\" data-object-fit=\"cover\" srcset=\"https:\/\/aikinews.com.br\/site\/wp-content\/uploads\/2025\/10\/capa2-1024x348.jpg 1024w, https:\/\/aikinews.com.br\/site\/wp-content\/uploads\/2025\/10\/capa2-300x102.jpg 300w, https:\/\/aikinews.com.br\/site\/wp-content\/uploads\/2025\/10\/capa2-768x261.jpg 768w, https:\/\/aikinews.com.br\/site\/wp-content\/uploads\/2025\/10\/capa2-1536x522.jpg 1536w, https:\/\/aikinews.com.br\/site\/wp-content\/uploads\/2025\/10\/capa2-2048x696.jpg 2048w\" sizes=\"auto, (max-width: 1024px) 100vw, 1024px\" \/><span aria-hidden=\"true\" class=\"wp-block-cover__background has-background-dim-0 has-background-dim has-background-gradient\" style=\"background-color:#e3be89;background:linear-gradient(35deg,rgb(6,0,151) 0%,rgb(130,4,255) 73%,rgb(193,15,255) 100%)\"><\/span><div class=\"wp-block-cover__inner-container is-layout-flow wp-block-cover-is-layout-flow\">\n<p class=\"has-text-align-center has-large-font-size\"><\/p>\n<\/div><\/div>\n\n\n\n<h2 class=\"wp-block-heading\"><br>Aikid\u00f4 &#8211; O que \u00e9?\u00a0<\/h2>\n\n\n\n<p>Aikido \u00e9 uma arte marcial japonesa baseada no princ\u00edpio da n\u00e3o resist\u00eancia e da n\u00e3o viol\u00eancia ativa. \u00c9 totalmente eficiente como defesa pessoal, pois n\u00e3o requer tamanho nem for\u00e7a para aplic\u00e1-lo, porque a for\u00e7a do pr\u00f3prio ataque \u00e9 usada contra o agressor.<\/p>\n\n\n\n<p>No Aikido n\u00f3s n\u00e3o resistimos \u00e0 for\u00e7a. Pelo contr\u00e1rio, n\u00f3s a neutralizamos e redirecionamos o ataque inicial utilizando-se de movimentos circulares din\u00e2micos para desequilibrar o agressor. O agressor \u00e9 ent\u00e3o subjugado usando-se uma variedade de t\u00e9cnicas de proje\u00e7\u00e3o ou tor\u00e7\u00e3o de articula\u00e7\u00f5es ao inv\u00e9s dos destrutivos socos e chutes.<\/p>\n\n\n\n<p>No Aikido n\u00e3o existe nenhum tipo de competi\u00e7\u00e3o, o praticante aprende de maneira cooperativa ora atacando, ora defendendo-se numa atmosfera en\u00e9rgica ainda que compenetrada.<\/p>\n\n\n\n<p>A pr\u00e1tica do Aikido melhora n\u00e3o somente o condicionamento f\u00edsico, o equil\u00edbrio, a flexibilidade, a coordena\u00e7\u00e3o motora e a resist\u00eancia cardiovascular, mas tamb\u00e9m desenvolve o condicionamento mental, a autoconfian\u00e7a a concentra\u00e7\u00e3o, os reflexos, a intui\u00e7\u00e3o e o altru\u00edsmo.<\/p>\n\n\n\n<p>Os princ\u00edpios praticados no dojo (local de treinamento) podem ser usados como meio ou filosofia para lidarmos com o stress e os conflitos que encaramos atualmente neste mundo de constante transforma\u00e7\u00e3o. Ensina a manter-se em seu caminho cedendo. Como evitar confrontos e a manter-se calmo e centrado em meio \u00e0 adversidade.<\/p>\n\n\n\n<p>Outras marcas fundamentais do AIKIDO s\u00e3o a disciplina, o respeito e a valoriza\u00e7\u00e3o do mais velho ou mais antigo (hierarquia), a gratid\u00e3o e a honra.<\/p>\n\n\n\n<h2 class=\"wp-block-heading\">O que significa a palavra &#8220;AIKIDO&#8221;<\/h2>\n\n\n\n<p>Quando queremos entender o significado da palavra Aikido, podemos observ\u00e1-la de v\u00e1rias formas. Uma forma \u00e9 dividi-la em partes e analisar seus termos separadamente.<\/p>\n\n\n\n<p>Nesse caso, ent\u00e3o, o primeiro termo que temos \u00e9 &#8220;AI&#8221;, que pode ser traduzido como harmonia, equil\u00edbrio ou amor. A seguir vem o segundo termo &#8220;KI&#8221;. \u00c9 a energia vital ou energia do universo, num sentido mais amplo. Por fim temos o &#8220;DO&#8221;, que comp\u00f5e a termina\u00e7\u00e3o da maioria das artes marciais, e pode ser meio, forma ou caminho.<\/p>\n\n\n\n<p>Quando traduzimos dessa forma, podemos ser infelizes. A l\u00edngua japonesa \u00e9 muito complexa, e sendo assim n\u00e3o \u00e9 t\u00e3o f\u00e1cil traduzir uma palavra. Mas fazendo dessa forma, podemos ter uma id\u00e9ia do que a palavra quer dizer.<\/p>\n\n\n\n<p>Uma outra forma de entender a palavra AIKIDO, \u00e9 tentar compreend\u00ea-la como um todo, buscando &#8220;unir&#8221; os 3 termos em uma \u00fanica frase. Poder\u00edamos ent\u00e3o ter v\u00e1rias tradu\u00e7\u00f5es para uma mesma palavra:<\/p>\n\n\n\n<h2 class=\"wp-block-heading\">O AIKIDO como defesa pessoal<\/h2>\n\n\n\n<p>Aikido \u00e9 utilizado pela Pol\u00edcia Metropolitana de T\u00f3quio, pelo Pelot\u00e3o de Choque e pela Pol\u00edcia Feminina e o atual chefe de seguran\u00e7a do Primeiro Ministro do Jap\u00e3o \u00e9 uma praticante de Aikido. Na United States Naval Academy, os agentes do Departamento de Estado, a pol\u00edcia de Nassau (NY) e alguns agentes do FBI, Swat, a Pol\u00edcia Montada do Canad\u00e1 e para forma\u00e7\u00e3o da Policia da Venezuela. No Brasil a Pol\u00edcia de Governador Valadares, j\u00e1 est\u00e1 tendo aula de Aikido.<\/p>\n\n\n\n<p>O Aikido n\u00e3o nos ensina um m\u00e9todo infal\u00edvel de defesa pessoal, mas a evitarmos os conflitos, a n\u00e3o ficarmos tensos em situa\u00e7\u00f5es cr\u00edticas, sejam elas de viol\u00eancia f\u00edsica ou de qualquer outra natureza. Treinando o equil\u00edbrio f\u00edsico, tamb\u00e9m treinamos o equil\u00edbrio emocional, mental e espiritual.<\/p>\n","protected":false},"excerpt":{"rendered":"<p>Aikid\u00f4 &#8211; O que \u00e9?\u00a0 Aikido \u00e9 uma arte marcial japonesa baseada no princ\u00edpio da n\u00e3o resist\u00eancia e da n\u00e3o [&hellip;]<\/p>\n","protected":false},"author":1,"featured_media":0,"parent":0,"menu_order":0,"comment_status":"closed","ping_status":"closed","template":"","meta":{"_acf_changed":false,"site-sidebar-layout":"no-sidebar","site-content-layout":"plain-container","ast-site-content-layout":"default","site-content-style":"default","site-sidebar-style":"default","ast-global-header-display":"","ast-banner-title-visibility":"","ast-main-header-display":"","ast-hfb-above-header-display":"","ast-hfb-below-header-display":"","ast-hfb-mobile-header-display":"","site-post-title":"","ast-breadcrumbs-content":"","ast-featured-img":"","footer-sml-layout":"","theme-transparent-header-meta":"enabled","adv-header-id-meta":"","stick-header-meta":"","header-above-stick-meta":"","header-main-stick-meta":"","header-below-stick-meta":"","astra-migrate-meta-layouts":"default","ast-page-background-enabled":"default","ast-page-background-meta":{"desktop":{"background-color":"var(--ast-global-color-5)","background-image":"","background-repeat":"repeat","background-position":"center center","background-size":"auto","background-attachment":"scroll","background-type":"","background-media":"","overlay-type":"","overlay-color":"","overlay-opacity":"","overlay-gradient":""},"tablet":{"background-color":"","background-image":"","background-repeat":"repeat","background-position":"center center","background-size":"auto","background-attachment":"scroll","background-type":"","background-media":"","overlay-type":"","overlay-color":"","overlay-opacity":"","overlay-gradient":""},"mobile":{"background-color":"","background-image":"","background-repeat":"repeat","background-position":"center center","background-size":"auto","background-attachment":"scroll","background-type":"","background-media":"","overlay-type":"","overlay-color":"","overlay-opacity":"","overlay-gradient":""}},"ast-content-background-meta":{"desktop":{"background-color":"var(--ast-global-color-4)","background-image":"","background-repeat":"repeat","background-position":"center center","background-size":"auto","background-attachment":"scroll","background-type":"","background-media":"","overlay-type":"","overlay-color":"","overlay-opacity":"","overlay-gradient":""},"tablet":{"background-color":"var(--ast-global-color-4)","background-image":"","background-repeat":"repeat","background-position":"center center","background-size":"auto","background-attachment":"scroll","background-type":"","background-media":"","overlay-type":"","overlay-color":"","overlay-opacity":"","overlay-gradient":""},"mobile":{"background-color":"var(--ast-global-color-4)","background-image":"","background-repeat":"repeat","background-position":"center center","background-size":"auto","background-attachment":"scroll","background-type":"","background-media":"","overlay-type":"","overlay-color":"","overlay-opacity":"","overlay-gradient":""}},"footnotes":""},"class_list":["post-22","page","type-page","status-publish","hentry"],"acf":[],"_links":{"self":[{"href":"https:\/\/aikinews.com.br\/site\/wp-json\/wp\/v2\/pages\/22","targetHints":{"allow":["GET"]}}],"collection":[{"href":"https:\/\/aikinews.com.br\/site\/wp-json\/wp\/v2\/pages"}],"about":[{"href":"https:\/\/aikinews.com.br\/site\/wp-json\/wp\/v2\/types\/page"}],"author":[{"embeddable":true,"href":"https:\/\/aikinews.com.br\/site\/wp-json\/wp\/v2\/users\/1"}],"replies":[{"embeddable":true,"href":"https:\/\/aikinews.com.br\/site\/wp-json\/wp\/v2\/comments?post=22"}],"version-history":[{"count":13,"href":"https:\/\/aikinews.com.br\/site\/wp-json\/wp\/v2\/pages\/22\/revisions"}],"predecessor-version":[{"id":180,"href":"https:\/\/aikinews.com.br\/site\/wp-json\/wp\/v2\/pages\/22\/revisions\/180"}],"wp:attachment":[{"href":"https:\/\/aikinews.com.br\/site\/wp-json\/wp\/v2\/media?parent=22"}],"curies":[{"name":"wp","href":"https:\/\/api.w.org\/{rel}","templated":true}]}}